{"id":2189,"date":"2023-12-06T23:51:02","date_gmt":"2023-12-06T18:21:02","guid":{"rendered":"https:\/\/ms21consulting.com.co\/?page_id=2189"},"modified":"2023-12-06T23:52:08","modified_gmt":"2023-12-06T18:22:08","slug":"como-las-empresas-startup-pueden-apoyarse-en-el-marketing-antropologico","status":"publish","type":"page","link":"https:\/\/ms21consulting.com.co\/como-las-empresas-startup-pueden-apoyarse-en-el-marketing-antropologico\/","title":{"rendered":"Como las empresas StartUp pueden apoyarse en el Marketing Antropol\u00f3gico"},"content":{"rendered":"\t\t<div data-elementor-type=\"wp-post\" data-elementor-id=\"2189\" class=\"elementor elementor-2189\">\n\t\t\t\t\t\t<section class=\"elementor-section elementor-top-section elementor-element elementor-element-99db27b elementor-section-content-bottom elementor-section-boxed elementor-section-height-default elementor-section-height-default\" data-id=\"99db27b\" data-element_type=\"section\" data-e-type=\"section\" data-settings=\"{&quot;background_background&quot;:&quot;classic&quot;}\">\n\t\t\t\t\t\t\t<div class=\"elementor-background-overlay\"><\/div>\n\t\t\t\t\t\t\t<div class=\"elementor-container elementor-column-gap-extended\">\n\t\t\t\t\t<div class=\"elementor-column elementor-col-100 elementor-top-column elementor-element elementor-element-7bfd155f\" data-id=\"7bfd155f\" data-element_type=\"column\" data-e-type=\"column\">\n\t\t\t<div class=\"elementor-widget-wrap elementor-element-populated\">\n\t\t\t\t\t\t<div class=\"elementor-element elementor-element-341a1b19 elementor-widget elementor-widget-heading\" data-id=\"341a1b19\" data-element_type=\"widget\" data-e-type=\"widget\" data-widget_type=\"heading.default\">\n\t\t\t\t<div class=\"elementor-widget-container\">\n\t\t\t\t\t<h1 class=\"elementor-heading-title elementor-size-default\">El Marketing Antropol\u00f3gico y su uso en los nuevos mercados<\/h1>\t\t\t\t<\/div>\n\t\t\t\t<\/div>\n\t\t\t\t\t<\/div>\n\t\t<\/div>\n\t\t\t\t\t<\/div>\n\t\t<\/section>\n\t\t\t\t<section class=\"elementor-section elementor-top-section elementor-element elementor-element-e8e4bc2 elementor-section-boxed elementor-section-height-default elementor-section-height-default\" data-id=\"e8e4bc2\" data-element_type=\"section\" data-e-type=\"section\" data-settings=\"{&quot;background_background&quot;:&quot;classic&quot;}\">\n\t\t\t\t\t\t<div class=\"elementor-container elementor-column-gap-default\">\n\t\t\t\t\t<div class=\"elementor-column elementor-col-100 elementor-top-column elementor-element elementor-element-f13d203\" data-id=\"f13d203\" data-element_type=\"column\" data-e-type=\"column\">\n\t\t\t<div class=\"elementor-widget-wrap elementor-element-populated\">\n\t\t\t\t\t\t<div class=\"elementor-element elementor-element-271e6ee3 elementor-widget elementor-widget-heading\" data-id=\"271e6ee3\" data-element_type=\"widget\" data-e-type=\"widget\" data-widget_type=\"heading.default\">\n\t\t\t\t<div class=\"elementor-widget-container\">\n\t\t\t\t\t<h2 class=\"elementor-heading-title elementor-size-default\">Herramientas para el Marketing<\/h2>\t\t\t\t<\/div>\n\t\t\t\t<\/div>\n\t\t\t\t<div class=\"elementor-element elementor-element-2e0024ca elementor-widget elementor-widget-text-editor\" data-id=\"2e0024ca\" data-element_type=\"widget\" data-e-type=\"widget\" data-widget_type=\"text-editor.default\">\n\t\t\t\t<div class=\"elementor-widget-container\">\n\t\t\t\t\t\t\t\t\t<p>Para el Marketing es indispensable manejar informaci\u00f3n como la que te compartimos<\/p>\t\t\t\t\t\t\t\t<\/div>\n\t\t\t\t<\/div>\n\t\t\t\t\t<\/div>\n\t\t<\/div>\n\t\t\t\t\t<\/div>\n\t\t<\/section>\n\t\t\t\t<section class=\"elementor-section elementor-top-section elementor-element elementor-element-9f7595c elementor-section-boxed elementor-section-height-default elementor-section-height-default\" data-id=\"9f7595c\" data-element_type=\"section\" data-e-type=\"section\" data-settings=\"{&quot;background_background&quot;:&quot;classic&quot;}\">\n\t\t\t\t\t\t<div class=\"elementor-container elementor-column-gap-default\">\n\t\t\t\t\t<div class=\"elementor-column elementor-col-100 elementor-top-column elementor-element elementor-element-70814a6\" data-id=\"70814a6\" data-element_type=\"column\" data-e-type=\"column\" data-settings=\"{&quot;background_background&quot;:&quot;gradient&quot;}\">\n\t\t\t<div class=\"elementor-widget-wrap elementor-element-populated\">\n\t\t\t\t\t\t<div class=\"elementor-element elementor-element-0051b4e elementor-widget elementor-widget-heading\" data-id=\"0051b4e\" data-element_type=\"widget\" data-e-type=\"widget\" data-widget_type=\"heading.default\">\n\t\t\t\t<div class=\"elementor-widget-container\">\n\t\t\t\t\t<h3 class=\"elementor-heading-title elementor-size-default\">Empresas StartUp y como apoyarse en el Marketing Antropol\u00f3gico<\/h3>\t\t\t\t<\/div>\n\t\t\t\t<\/div>\n\t\t\t\t<div class=\"elementor-element elementor-element-c19fe64 elementor-widget-divider--view-line elementor-widget elementor-widget-divider\" data-id=\"c19fe64\" data-element_type=\"widget\" data-e-type=\"widget\" data-widget_type=\"divider.default\">\n\t\t\t\t<div class=\"elementor-widget-container\">\n\t\t\t\t\t\t\t<div class=\"elementor-divider\">\n\t\t\t<span class=\"elementor-divider-separator\">\n\t\t\t\t\t\t<\/span>\n\t\t<\/div>\n\t\t\t\t\t\t<\/div>\n\t\t\t\t<\/div>\n\t\t\t\t<div class=\"elementor-element elementor-element-0c7a4e9 elementor-widget elementor-widget-text-editor\" data-id=\"0c7a4e9\" data-element_type=\"widget\" data-e-type=\"widget\" data-widget_type=\"text-editor.default\">\n\t\t\t\t<div class=\"elementor-widget-container\">\n\t\t\t\t\t\t\t\t\t<p>El marketing antropol\u00f3gico puede apoyar a las empresas startup de varias formas, ya que les permite conocer mejor a sus clientes potenciales, sus necesidades, sus deseos, sus motivaciones, sus valores y su cultura. Algunos de los beneficios que el marketing antropol\u00f3gico puede ofrecer a las startups son los siguientes:<\/p><p>&#8211; Ayuda a identificar oportunidades de mercado y nichos de consumo, a trav\u00e9s de la observaci\u00f3n y el an\u00e1lisis de las pr\u00e1cticas, los h\u00e1bitos y las tendencias de los consumidores en su contexto natural. Esto permite a las startups crear productos o servicios innovadores, que resuelvan problemas reales y que generen valor para sus clientes.<br \/>&#8211; Ayuda a dise\u00f1ar estrategias de comunicaci\u00f3n y posicionamiento, a trav\u00e9s del estudio de los s\u00edmbolos, los significados y las emociones que los consumidores asocian a las marcas, los productos y los servicios. Esto permite a las startups crear mensajes y experiencias que conecten con sus clientes, que transmitan su propuesta de valor y que diferencien su oferta de la competencia.<br \/>&#8211; Ayuda a crear y fortalecer comunidades de clientes, a trav\u00e9s del entendimiento de las relaciones, las interacciones y los sentimientos que los consumidores establecen entre s\u00ed y con las marcas, los productos y los servicios. Esto permite a las startups generar lealtad, confianza y recomendaci\u00f3n entre sus clientes, y aprovechar su conocimiento y su creatividad para mejorar su oferta.<\/p><p>El marketing antropol\u00f3gico es una disciplina que combina el estudio de la cultura, el comportamiento y los valores de los consumidores con las estrategias de mercado. Su objetivo es comprender las necesidades, deseos y motivaciones de los clientes desde una perspectiva humana y social, y ofrecerles experiencias que generen valor y satisfacci\u00f3n. Si quieres saber m\u00e1s sobre el marketing antropol\u00f3gico y sus aplicaciones, puedes consultar los siguientes enlaces: [Antropomarketing: La interdisciplinariedad en los estudios de mercado](^1^), [Marketing Antropol\u00f3gico: una nueva manera de llegar al consumidor](^2^), [Antropolog\u00eda simb\u00f3lica y marketing \u00bfc\u00f3mo conectar tu marca con tus clientes?](^3^) y [Antropologia del marketing](^4^). Espero que te haya servido esta informaci\u00f3n. \ud83d\ude0a<\/p>\t\t\t\t\t\t\t\t<\/div>\n\t\t\t\t<\/div>\n\t\t\t\t<section class=\"elementor-section elementor-inner-section elementor-element elementor-element-55ef08e elementor-section-boxed elementor-section-height-default elementor-section-height-default\" data-id=\"55ef08e\" data-element_type=\"section\" data-e-type=\"section\">\n\t\t\t\t\t\t<div class=\"elementor-container elementor-column-gap-default\">\n\t\t\t\t\t<div class=\"elementor-column elementor-col-50 elementor-inner-column elementor-element elementor-element-5902464\" data-id=\"5902464\" data-element_type=\"column\" data-e-type=\"column\">\n\t\t\t<div class=\"elementor-widget-wrap elementor-element-populated\">\n\t\t\t\t\t\t\t<\/div>\n\t\t<\/div>\n\t\t\t\t<div class=\"elementor-column elementor-col-50 elementor-inner-column elementor-element elementor-element-5ef3d0a\" data-id=\"5ef3d0a\" data-element_type=\"column\" data-e-type=\"column\">\n\t\t\t<div class=\"elementor-widget-wrap elementor-element-populated\">\n\t\t\t\t\t\t<div class=\"elementor-element elementor-element-fcfe7d1 elementor-widget elementor-widget-image\" data-id=\"fcfe7d1\" data-element_type=\"widget\" data-e-type=\"widget\" data-widget_type=\"image.default\">\n\t\t\t\t<div class=\"elementor-widget-container\">\n\t\t\t\t\t\t\t\t\t\t\t\t\t\t\t<img fetchpriority=\"high\" decoding=\"async\" width=\"300\" height=\"300\" src=\"https:\/\/ms21consulting.com.co\/wp-content\/uploads\/2019\/11\/laptop-dairy-300x300.jpg\" class=\"attachment-medium size-medium wp-image-376\" alt=\"\" srcset=\"https:\/\/ms21consulting.com.co\/wp-content\/uploads\/2019\/11\/laptop-dairy-300x300.jpg 300w, https:\/\/ms21consulting.com.co\/wp-content\/uploads\/2019\/11\/laptop-dairy-150x150.jpg 150w, https:\/\/ms21consulting.com.co\/wp-content\/uploads\/2019\/11\/laptop-dairy.jpg 600w\" sizes=\"(max-width: 300px) 100vw, 300px\" \/>\t\t\t\t\t\t\t\t\t\t\t\t\t\t\t<\/div>\n\t\t\t\t<\/div>\n\t\t\t\t\t<\/div>\n\t\t<\/div>\n\t\t\t\t\t<\/div>\n\t\t<\/section>\n\t\t\t\t\t<\/div>\n\t\t<\/div>\n\t\t\t\t\t<\/div>\n\t\t<\/section>\n\t\t\t\t<\/div>\n\t\t","protected":false},"excerpt":{"rendered":"<p>El Marketing Antropol\u00f3gico y su uso en los nuevos mercados Herramientas para el Marketing Para el Marketing es indispensable manejar informaci\u00f3n como la que te compartimos Empresas StartUp y como apoyarse en el Marketing Antropol\u00f3gico El marketing antropol\u00f3gico puede apoyar a las empresas startup de varias formas, ya que les permite conocer mejor a sus [&hellip;]<\/p>\n","protected":false},"author":1,"featured_media":0,"parent":0,"menu_order":0,"comment_status":"closed","ping_status":"closed","template":"","meta":{"_eb_attr":"","_uag_custom_page_level_css":"","site-sidebar-layout":"no-sidebar","site-content-layout":"page-builder","ast-site-content-layout":"full-width-container","site-content-style":"unboxed","site-sidebar-style":"unboxed","ast-global-header-display":"","ast-banner-title-visibility":"","ast-main-header-display":"","ast-hfb-above-header-display":"","ast-hfb-below-header-display":"","ast-hfb-mobile-header-display":"","site-post-title":"disabled","ast-breadcrumbs-content":"","ast-featured-img":"disabled","footer-sml-layout":"","ast-disable-related-posts":"","theme-transparent-header-meta":"","adv-header-id-meta":"","stick-header-meta":"","header-above-stick-meta":"","header-main-stick-meta":"","header-below-stick-meta":"","astra-migrate-meta-layouts":"set","ast-page-background-enabled":"default","ast-page-background-meta":{"desktop":{"background-color":"","background-image":"","background-repeat":"repeat","background-position":"center center","background-size":"auto","background-attachment":"scroll","background-type":"","background-media":"","overlay-type":"","overlay-color":"","overlay-opacity":"","overlay-gradient":""},"tablet":{"background-color":"","background-image":"","background-repeat":"repeat","background-position":"center center","background-size":"auto","background-attachment":"scroll","background-type":"","background-media":"","overlay-type":"","overlay-color":"","overlay-opacity":"","overlay-gradient":""},"mobile":{"background-color":"","background-image":"","background-repeat":"repeat","background-position":"center center","background-size":"auto","background-attachment":"scroll","background-type":"","background-media":"","overlay-type":"","overlay-color":"","overlay-opacity":"","overlay-gradient":""}},"ast-content-background-meta":{"desktop":{"background-color":"var(--ast-global-color-5)","background-image":"","background-repeat":"repeat","background-position":"center center","background-size":"auto","background-attachment":"scroll","background-type":"","background-media":"","overlay-type":"","overlay-color":"","overlay-opacity":"","overlay-gradient":""},"tablet":{"background-color":"var(--ast-global-color-5)","background-image":"","background-repeat":"repeat","background-position":"center center","background-size":"auto","background-attachment":"scroll","background-type":"","background-media":"","overlay-type":"","overlay-color":"","overlay-opacity":"","overlay-gradient":""},"mobile":{"background-color":"var(--ast-global-color-5)","background-image":"","background-repeat":"repeat","background-position":"center center","background-size":"auto","background-attachment":"scroll","background-type":"","background-media":"","overlay-type":"","overlay-color":"","overlay-opacity":"","overlay-gradient":""}},"footnotes":""},"class_list":["post-2189","page","type-page","status-publish","hentry"],"yoast_head":"<!-- This site is optimized with the Yoast SEO plugin v27.4 - https:\/\/yoast.com\/product\/yoast-seo-wordpress\/ -->\n<title>MS21 Consulting Colombia - E-Books<\/title>\n<meta name=\"description\" content=\"El marketing antropol\u00f3gico es la aplicaci\u00f3n de las teor\u00edas y m\u00e9todos antropol\u00f3gicos al estudio de las organizaciones, el marketing y el comportamiento del consumidor.\" \/>\n<meta name=\"robots\" content=\"index, follow, max-snippet:-1, max-image-preview:large, max-video-preview:-1\" \/>\n<link rel=\"canonical\" href=\"https:\/\/ms21consulting.com.co\/como-las-empresas-startup-pueden-apoyarse-en-el-marketing-antropologico\/\" \/>\n<meta property=\"og:locale\" content=\"es_ES\" \/>\n<meta property=\"og:type\" content=\"article\" \/>\n<meta property=\"og:title\" content=\"MS21 Consulting Colombia - E-Books\" \/>\n<meta property=\"og:description\" content=\"El marketing antropol\u00f3gico es la aplicaci\u00f3n de las teor\u00edas y m\u00e9todos antropol\u00f3gicos al estudio de las organizaciones, el marketing y el comportamiento del consumidor.\" \/>\n<meta property=\"og:url\" content=\"https:\/\/ms21consulting.com.co\/como-las-empresas-startup-pueden-apoyarse-en-el-marketing-antropologico\/\" \/>\n<meta property=\"og:site_name\" content=\"MS21Consulting\" \/>\n<meta property=\"article:modified_time\" content=\"2023-12-06T18:22:08+00:00\" \/>\n<meta property=\"og:image\" content=\"https:\/\/ms21consulting.com.co\/wp-content\/uploads\/2019\/11\/laptop-dairy-300x300.jpg\" \/>\n<meta name=\"twitter:card\" content=\"summary_large_image\" \/>\n<meta name=\"twitter:label1\" content=\"Tiempo de lectura\" \/>\n\t<meta name=\"twitter:data1\" content=\"3 minutos\" \/>\n<script type=\"application\/ld+json\" class=\"yoast-schema-graph\">{\"@context\":\"https:\\\/\\\/schema.org\",\"@graph\":[{\"@type\":\"WebPage\",\"@id\":\"https:\\\/\\\/ms21consulting.com.co\\\/como-las-empresas-startup-pueden-apoyarse-en-el-marketing-antropologico\\\/\",\"url\":\"https:\\\/\\\/ms21consulting.com.co\\\/como-las-empresas-startup-pueden-apoyarse-en-el-marketing-antropologico\\\/\",\"name\":\"MS21 Consulting Colombia - E-Books\",\"isPartOf\":{\"@id\":\"https:\\\/\\\/ms21consulting.com.co\\\/#website\"},\"primaryImageOfPage\":{\"@id\":\"https:\\\/\\\/ms21consulting.com.co\\\/como-las-empresas-startup-pueden-apoyarse-en-el-marketing-antropologico\\\/#primaryimage\"},\"image\":{\"@id\":\"https:\\\/\\\/ms21consulting.com.co\\\/como-las-empresas-startup-pueden-apoyarse-en-el-marketing-antropologico\\\/#primaryimage\"},\"thumbnailUrl\":\"https:\\\/\\\/ms21consulting.com.co\\\/wp-content\\\/uploads\\\/2019\\\/11\\\/laptop-dairy-300x300.jpg\",\"datePublished\":\"2023-12-06T18:21:02+00:00\",\"dateModified\":\"2023-12-06T18:22:08+00:00\",\"description\":\"El marketing antropol\u00f3gico es la aplicaci\u00f3n de las teor\u00edas y m\u00e9todos antropol\u00f3gicos al estudio de las organizaciones, el marketing y el comportamiento del consumidor.\",\"breadcrumb\":{\"@id\":\"https:\\\/\\\/ms21consulting.com.co\\\/como-las-empresas-startup-pueden-apoyarse-en-el-marketing-antropologico\\\/#breadcrumb\"},\"inLanguage\":\"es\",\"potentialAction\":[{\"@type\":\"ReadAction\",\"target\":[\"https:\\\/\\\/ms21consulting.com.co\\\/como-las-empresas-startup-pueden-apoyarse-en-el-marketing-antropologico\\\/\"]}]},{\"@type\":\"ImageObject\",\"inLanguage\":\"es\",\"@id\":\"https:\\\/\\\/ms21consulting.com.co\\\/como-las-empresas-startup-pueden-apoyarse-en-el-marketing-antropologico\\\/#primaryimage\",\"url\":\"https:\\\/\\\/ms21consulting.com.co\\\/wp-content\\\/uploads\\\/2019\\\/11\\\/laptop-dairy.jpg\",\"contentUrl\":\"https:\\\/\\\/ms21consulting.com.co\\\/wp-content\\\/uploads\\\/2019\\\/11\\\/laptop-dairy.jpg\",\"width\":600,\"height\":600},{\"@type\":\"BreadcrumbList\",\"@id\":\"https:\\\/\\\/ms21consulting.com.co\\\/como-las-empresas-startup-pueden-apoyarse-en-el-marketing-antropologico\\\/#breadcrumb\",\"itemListElement\":[{\"@type\":\"ListItem\",\"position\":1,\"name\":\"Portada\",\"item\":\"https:\\\/\\\/ms21consulting.com.co\\\/\"},{\"@type\":\"ListItem\",\"position\":2,\"name\":\"Como las empresas StartUp pueden apoyarse en el Marketing Antropol\u00f3gico\"}]},{\"@type\":\"WebSite\",\"@id\":\"https:\\\/\\\/ms21consulting.com.co\\\/#website\",\"url\":\"https:\\\/\\\/ms21consulting.com.co\\\/\",\"name\":\"MS21Consulting\",\"description\":\"Especialistas en gesti\u00f3n de proyectos y el desarrollo tecnol\u00f3gico. Asesor\u00eda estrat\u00e9gica en soluciones tecnol\u00f3gicas que abordan sus desaf\u00edos empresariales de manera m\u00e1s integral y efectiva.\",\"publisher\":{\"@id\":\"https:\\\/\\\/ms21consulting.com.co\\\/#organization\"},\"alternateName\":\"MS21 Consulting\",\"potentialAction\":[{\"@type\":\"SearchAction\",\"target\":{\"@type\":\"EntryPoint\",\"urlTemplate\":\"https:\\\/\\\/ms21consulting.com.co\\\/?s={search_term_string}\"},\"query-input\":{\"@type\":\"PropertyValueSpecification\",\"valueRequired\":true,\"valueName\":\"search_term_string\"}}],\"inLanguage\":\"es\"},{\"@type\":\"Organization\",\"@id\":\"https:\\\/\\\/ms21consulting.com.co\\\/#organization\",\"name\":\"MS21Consulting\",\"alternateName\":\"MS21 Consulting\",\"url\":\"https:\\\/\\\/ms21consulting.com.co\\\/\",\"logo\":{\"@type\":\"ImageObject\",\"inLanguage\":\"es\",\"@id\":\"https:\\\/\\\/ms21consulting.com.co\\\/#\\\/schema\\\/logo\\\/image\\\/\",\"url\":\"https:\\\/\\\/ms21consulting.com.co\\\/wp-content\\\/uploads\\\/2024\\\/05\\\/cropped-Logo-Florista-Circular-Blanco-Negro-500-x-250-px.webp\",\"contentUrl\":\"https:\\\/\\\/ms21consulting.com.co\\\/wp-content\\\/uploads\\\/2024\\\/05\\\/cropped-Logo-Florista-Circular-Blanco-Negro-500-x-250-px.webp\",\"width\":500,\"height\":213,\"caption\":\"MS21Consulting\"},\"image\":{\"@id\":\"https:\\\/\\\/ms21consulting.com.co\\\/#\\\/schema\\\/logo\\\/image\\\/\"},\"sameAs\":[\"https:\\\/\\\/www.instagram.com\\\/ms21colombia\\\/\",\"https:\\\/\\\/www.linkedin.com\\\/company\\\/ms21-consulting-colombia\\\/mycompany\\\/?viewAsMember=true\"]}]}<\/script>\n<!-- \/ Yoast SEO plugin. -->","yoast_head_json":{"title":"MS21 Consulting Colombia - E-Books","description":"El marketing antropol\u00f3gico es la aplicaci\u00f3n de las teor\u00edas y m\u00e9todos antropol\u00f3gicos al estudio de las organizaciones, el marketing y el comportamiento del consumidor.","robots":{"index":"index","follow":"follow","max-snippet":"max-snippet:-1","max-image-preview":"max-image-preview:large","max-video-preview":"max-video-preview:-1"},"canonical":"https:\/\/ms21consulting.com.co\/como-las-empresas-startup-pueden-apoyarse-en-el-marketing-antropologico\/","og_locale":"es_ES","og_type":"article","og_title":"MS21 Consulting Colombia - E-Books","og_description":"El marketing antropol\u00f3gico es la aplicaci\u00f3n de las teor\u00edas y m\u00e9todos antropol\u00f3gicos al estudio de las organizaciones, el marketing y el comportamiento del consumidor.","og_url":"https:\/\/ms21consulting.com.co\/como-las-empresas-startup-pueden-apoyarse-en-el-marketing-antropologico\/","og_site_name":"MS21Consulting","article_modified_time":"2023-12-06T18:22:08+00:00","og_image":[{"url":"https:\/\/ms21consulting.com.co\/wp-content\/uploads\/2019\/11\/laptop-dairy-300x300.jpg","type":"","width":"","height":""}],"twitter_card":"summary_large_image","twitter_misc":{"Tiempo de lectura":"3 minutos"},"schema":{"@context":"https:\/\/schema.org","@graph":[{"@type":"WebPage","@id":"https:\/\/ms21consulting.com.co\/como-las-empresas-startup-pueden-apoyarse-en-el-marketing-antropologico\/","url":"https:\/\/ms21consulting.com.co\/como-las-empresas-startup-pueden-apoyarse-en-el-marketing-antropologico\/","name":"MS21 Consulting Colombia - E-Books","isPartOf":{"@id":"https:\/\/ms21consulting.com.co\/#website"},"primaryImageOfPage":{"@id":"https:\/\/ms21consulting.com.co\/como-las-empresas-startup-pueden-apoyarse-en-el-marketing-antropologico\/#primaryimage"},"image":{"@id":"https:\/\/ms21consulting.com.co\/como-las-empresas-startup-pueden-apoyarse-en-el-marketing-antropologico\/#primaryimage"},"thumbnailUrl":"https:\/\/ms21consulting.com.co\/wp-content\/uploads\/2019\/11\/laptop-dairy-300x300.jpg","datePublished":"2023-12-06T18:21:02+00:00","dateModified":"2023-12-06T18:22:08+00:00","description":"El marketing antropol\u00f3gico es la aplicaci\u00f3n de las teor\u00edas y m\u00e9todos antropol\u00f3gicos al estudio de las organizaciones, el marketing y el comportamiento del consumidor.","breadcrumb":{"@id":"https:\/\/ms21consulting.com.co\/como-las-empresas-startup-pueden-apoyarse-en-el-marketing-antropologico\/#breadcrumb"},"inLanguage":"es","potentialAction":[{"@type":"ReadAction","target":["https:\/\/ms21consulting.com.co\/como-las-empresas-startup-pueden-apoyarse-en-el-marketing-antropologico\/"]}]},{"@type":"ImageObject","inLanguage":"es","@id":"https:\/\/ms21consulting.com.co\/como-las-empresas-startup-pueden-apoyarse-en-el-marketing-antropologico\/#primaryimage","url":"https:\/\/ms21consulting.com.co\/wp-content\/uploads\/2019\/11\/laptop-dairy.jpg","contentUrl":"https:\/\/ms21consulting.com.co\/wp-content\/uploads\/2019\/11\/laptop-dairy.jpg","width":600,"height":600},{"@type":"BreadcrumbList","@id":"https:\/\/ms21consulting.com.co\/como-las-empresas-startup-pueden-apoyarse-en-el-marketing-antropologico\/#breadcrumb","itemListElement":[{"@type":"ListItem","position":1,"name":"Portada","item":"https:\/\/ms21consulting.com.co\/"},{"@type":"ListItem","position":2,"name":"Como las empresas StartUp pueden apoyarse en el Marketing Antropol\u00f3gico"}]},{"@type":"WebSite","@id":"https:\/\/ms21consulting.com.co\/#website","url":"https:\/\/ms21consulting.com.co\/","name":"MS21Consulting","description":"Especialistas en gesti\u00f3n de proyectos y el desarrollo tecnol\u00f3gico. Asesor\u00eda estrat\u00e9gica en soluciones tecnol\u00f3gicas que abordan sus desaf\u00edos empresariales de manera m\u00e1s integral y efectiva.","publisher":{"@id":"https:\/\/ms21consulting.com.co\/#organization"},"alternateName":"MS21 Consulting","potentialAction":[{"@type":"SearchAction","target":{"@type":"EntryPoint","urlTemplate":"https:\/\/ms21consulting.com.co\/?s={search_term_string}"},"query-input":{"@type":"PropertyValueSpecification","valueRequired":true,"valueName":"search_term_string"}}],"inLanguage":"es"},{"@type":"Organization","@id":"https:\/\/ms21consulting.com.co\/#organization","name":"MS21Consulting","alternateName":"MS21 Consulting","url":"https:\/\/ms21consulting.com.co\/","logo":{"@type":"ImageObject","inLanguage":"es","@id":"https:\/\/ms21consulting.com.co\/#\/schema\/logo\/image\/","url":"https:\/\/ms21consulting.com.co\/wp-content\/uploads\/2024\/05\/cropped-Logo-Florista-Circular-Blanco-Negro-500-x-250-px.webp","contentUrl":"https:\/\/ms21consulting.com.co\/wp-content\/uploads\/2024\/05\/cropped-Logo-Florista-Circular-Blanco-Negro-500-x-250-px.webp","width":500,"height":213,"caption":"MS21Consulting"},"image":{"@id":"https:\/\/ms21consulting.com.co\/#\/schema\/logo\/image\/"},"sameAs":["https:\/\/www.instagram.com\/ms21colombia\/","https:\/\/www.linkedin.com\/company\/ms21-consulting-colombia\/mycompany\/?viewAsMember=true"]}]}},"uagb_featured_image_src":{"full":false,"thumbnail":false,"medium":false,"medium_large":false,"large":false,"1536x1536":false,"2048x2048":false},"uagb_author_info":{"display_name":"aristidesguzman71","author_link":"https:\/\/ms21consulting.com.co\/author\/aristidesguzman71\/"},"uagb_comment_info":0,"uagb_excerpt":"El Marketing Antropol\u00f3gico y su uso en los nuevos mercados Herramientas para el Marketing Para el Marketing es indispensable manejar informaci\u00f3n como la que te compartimos Empresas StartUp y como apoyarse en el Marketing Antropol\u00f3gico El marketing antropol\u00f3gico puede apoyar a las empresas startup de varias formas, ya que les permite conocer mejor a sus&hellip;","_links":{"self":[{"href":"https:\/\/ms21consulting.com.co\/wp-json\/wp\/v2\/pages\/2189","targetHints":{"allow":["GET"]}}],"collection":[{"href":"https:\/\/ms21consulting.com.co\/wp-json\/wp\/v2\/pages"}],"about":[{"href":"https:\/\/ms21consulting.com.co\/wp-json\/wp\/v2\/types\/page"}],"author":[{"embeddable":true,"href":"https:\/\/ms21consulting.com.co\/wp-json\/wp\/v2\/users\/1"}],"replies":[{"embeddable":true,"href":"https:\/\/ms21consulting.com.co\/wp-json\/wp\/v2\/comments?post=2189"}],"version-history":[{"count":0,"href":"https:\/\/ms21consulting.com.co\/wp-json\/wp\/v2\/pages\/2189\/revisions"}],"wp:attachment":[{"href":"https:\/\/ms21consulting.com.co\/wp-json\/wp\/v2\/media?parent=2189"}],"curies":[{"name":"wp","href":"https:\/\/api.w.org\/{rel}","templated":true}]}}