{"id":6992,"date":"2025-03-14T21:28:35","date_gmt":"2025-03-14T15:58:35","guid":{"rendered":"https:\/\/ms21consulting.com.co\/index.php\/data-deletion\/"},"modified":"2025-03-14T21:28:35","modified_gmt":"2025-03-14T15:58:35","slug":"data-deletion","status":"publish","type":"page","link":"https:\/\/ms21consulting.com.co\/data-deletion\/","title":{"rendered":"data-deletion"},"content":{"rendered":"<p><!DOCTYPE html><br \/>\n<html lang=\\\"es\\\"><br \/>\n<head><br \/>\n    <meta charset=\\\"UTF-8\\\"><br \/>\n    <meta name=\\\"viewport\\\" content=\\\"width=device-width, initial-scale=1.0\\\"><br \/>\n    <title>Autorizaci\u00f3n Cancelada<\/title><\/p>\n<style>\n        body {\n            font-family: Arial, sans-serif;\n            line-height: 1.6;\n            margin: 0;\n            padding: 0;\n            background-color: #f4f4f4;\n            color: #333;\n            display: flex;\n            flex-direction: column;\n            align-items: center;\n            justify-content: center;\n            min-height: 100vh;\n        }\n        .container {\n            width: 80%;\n            max-width: 600px;\n            padding: 20px;\n            background-color: #fff;\n            border-radius: 8px;\n            box-shadow: 0 0 10px rgba(0, 0, 0, 0.1);\n            text-align: center;\n        }\n        h1 {\n            color: #e44d26; \/* Un tono naranja similar al de tu logo *\/\n        }\n        p {\n            margin-bottom: 20px;\n        }\n        a {\n            display: inline-block;\n            padding: 10px 20px;\n            background-color: #e44d26; \/* Un tono naranja similar al de tu logo *\/\n            color: #fff;\n            text-decoration: none;\n            border-radius: 5px;\n            transition: background-color 0.3s ease;\n        }\n        a:hover {\n            background-color: #333;\n        }\n    <\/style>\n<p><\/head><br \/>\n<body><\/p>\n<h1>Autorizaci\u00f3n Cancelada<\/h1>\n<p>El proceso de autorizaci\u00f3n ha sido cancelado.<\/p>\n<p>Si deseas volver a intentarlo, por favor haz clic en el siguiente enlace:<\/p>\n<p>        <a href=\\\"[URL para reintentar la autorizaci\u00f3n]\\\">Volver a Intentar<\/a><br \/>\n<\/body><br \/>\n<\/html><\/p>\n","protected":false},"excerpt":{"rendered":"<p>Autorizaci\u00f3n Cancelada Autorizaci\u00f3n Cancelada El proceso de autorizaci\u00f3n ha sido cancelado. Si deseas volver a intentarlo, por favor haz clic en el siguiente enlace: Volver a Intentar<\/p>\n","protected":false},"author":1,"featured_media":0,"parent":0,"menu_order":0,"comment_status":"closed","ping_status":"closed","template":"","meta":{"_eb_attr":"","_uag_custom_page_level_css":"","site-sidebar-layout":"no-sidebar","site-content-layout":"page-builder","ast-site-content-layout":"full-width-container","site-content-style":"default","site-sidebar-style":"default","ast-global-header-display":"","ast-banner-title-visibility":"","ast-main-header-display":"","ast-hfb-above-header-display":"","ast-hfb-below-header-display":"","ast-hfb-mobile-header-display":"","site-post-title":"disabled","ast-breadcrumbs-content":"","ast-featured-img":"disabled","footer-sml-layout":"","ast-disable-related-posts":"","theme-transparent-header-meta":"","adv-header-id-meta":"","stick-header-meta":"","header-above-stick-meta":"","header-main-stick-meta":"","header-below-stick-meta":"","astra-migrate-meta-layouts":"default","ast-page-background-enabled":"default","ast-page-background-meta":{"desktop":{"background-color":"","background-image":"","background-repeat":"repeat","background-position":"center center","background-size":"auto","background-attachment":"scroll","background-type":"","background-media":"","overlay-type":"","overlay-color":"","overlay-opacity":"","overlay-gradient":""},"tablet":{"background-color":"","background-image":"","background-repeat":"repeat","background-position":"center center","background-size":"auto","background-attachment":"scroll","background-type":"","background-media":"","overlay-type":"","overlay-color":"","overlay-opacity":"","overlay-gradient":""},"mobile":{"background-color":"","background-image":"","background-repeat":"repeat","background-position":"center center","background-size":"auto","background-attachment":"scroll","background-type":"","background-media":"","overlay-type":"","overlay-color":"","overlay-opacity":"","overlay-gradient":""}},"ast-content-background-meta":{"desktop":{"background-color":"var(--ast-global-color-5)","background-image":"","background-repeat":"repeat","background-position":"center center","background-size":"auto","background-attachment":"scroll","background-type":"","background-media":"","overlay-type":"","overlay-color":"","overlay-opacity":"","overlay-gradient":""},"tablet":{"background-color":"var(--ast-global-color-5)","background-image":"","background-repeat":"repeat","background-position":"center center","background-size":"auto","background-attachment":"scroll","background-type":"","background-media":"","overlay-type":"","overlay-color":"","overlay-opacity":"","overlay-gradient":""},"mobile":{"background-color":"var(--ast-global-color-5)","background-image":"","background-repeat":"repeat","background-position":"center center","background-size":"auto","background-attachment":"scroll","background-type":"","background-media":"","overlay-type":"","overlay-color":"","overlay-opacity":"","overlay-gradient":""}},"footnotes":""},"class_list":["post-6992","page","type-page","status-publish","hentry"],"yoast_head":"<!-- This site is optimized with the Yoast SEO plugin v27.4 - https:\/\/yoast.com\/product\/yoast-seo-wordpress\/ -->\n<title>data-deletion -<\/title>\n<meta name=\"description\" content=\"El socio en gesti\u00f3n de proyectos y tecnol\u00f3gico que necesita tu empresa, podemos gestionar tus proyectos y equipos de trabajo, apoyarte con profesionales certificados y con amplia experiencia.\" \/>\n<meta name=\"robots\" content=\"index, follow, max-snippet:-1, max-image-preview:large, max-video-preview:-1\" \/>\n<link rel=\"canonical\" href=\"https:\/\/ms21consulting.com.co\/data-deletion\/\" \/>\n<meta property=\"og:locale\" content=\"es_ES\" \/>\n<meta property=\"og:type\" content=\"article\" \/>\n<meta property=\"og:title\" content=\"data-deletion -\" \/>\n<meta property=\"og:description\" content=\"El socio en gesti\u00f3n de proyectos y tecnol\u00f3gico que necesita tu empresa, podemos gestionar tus proyectos y equipos de trabajo, apoyarte con profesionales certificados y con amplia experiencia.\" \/>\n<meta property=\"og:url\" content=\"https:\/\/ms21consulting.com.co\/data-deletion\/\" \/>\n<meta property=\"og:site_name\" content=\"MS21Consulting\" \/>\n<meta property=\"og:image\" content=\"https:\/\/ms21consulting.com.co\/wp-content\/uploads\/2024\/05\/Logo-Florista-Circular-Blanco-Negro-500-x-250-px.webp\" \/>\n\t<meta property=\"og:image:width\" content=\"500\" \/>\n\t<meta property=\"og:image:height\" content=\"250\" \/>\n\t<meta property=\"og:image:type\" content=\"image\/webp\" \/>\n<meta name=\"twitter:card\" content=\"summary_large_image\" \/>\n<meta name=\"twitter:label1\" content=\"Tiempo de lectura\" \/>\n\t<meta name=\"twitter:data1\" content=\"1 minuto\" \/>\n<script type=\"application\/ld+json\" class=\"yoast-schema-graph\">{\"@context\":\"https:\\\/\\\/schema.org\",\"@graph\":[{\"@type\":\"WebPage\",\"@id\":\"https:\\\/\\\/ms21consulting.com.co\\\/data-deletion\\\/\",\"url\":\"https:\\\/\\\/ms21consulting.com.co\\\/data-deletion\\\/\",\"name\":\"data-deletion -\",\"isPartOf\":{\"@id\":\"https:\\\/\\\/ms21consulting.com.co\\\/#website\"},\"datePublished\":\"2025-03-14T15:58:35+00:00\",\"description\":\"El socio en gesti\u00f3n de proyectos y tecnol\u00f3gico que necesita tu empresa, podemos gestionar tus proyectos y equipos de trabajo, apoyarte con profesionales certificados y con amplia experiencia.\",\"breadcrumb\":{\"@id\":\"https:\\\/\\\/ms21consulting.com.co\\\/data-deletion\\\/#breadcrumb\"},\"inLanguage\":\"es\",\"potentialAction\":[{\"@type\":\"ReadAction\",\"target\":[\"https:\\\/\\\/ms21consulting.com.co\\\/data-deletion\\\/\"]}]},{\"@type\":\"BreadcrumbList\",\"@id\":\"https:\\\/\\\/ms21consulting.com.co\\\/data-deletion\\\/#breadcrumb\",\"itemListElement\":[{\"@type\":\"ListItem\",\"position\":1,\"name\":\"Portada\",\"item\":\"https:\\\/\\\/ms21consulting.com.co\\\/\"},{\"@type\":\"ListItem\",\"position\":2,\"name\":\"data-deletion\"}]},{\"@type\":\"WebSite\",\"@id\":\"https:\\\/\\\/ms21consulting.com.co\\\/#website\",\"url\":\"https:\\\/\\\/ms21consulting.com.co\\\/\",\"name\":\"MS21Consulting\",\"description\":\"Especialistas en gesti\u00f3n de proyectos y el desarrollo tecnol\u00f3gico. Asesor\u00eda estrat\u00e9gica en soluciones tecnol\u00f3gicas que abordan sus desaf\u00edos empresariales de manera m\u00e1s integral y efectiva.\",\"publisher\":{\"@id\":\"https:\\\/\\\/ms21consulting.com.co\\\/#organization\"},\"alternateName\":\"MS21 Consulting\",\"potentialAction\":[{\"@type\":\"SearchAction\",\"target\":{\"@type\":\"EntryPoint\",\"urlTemplate\":\"https:\\\/\\\/ms21consulting.com.co\\\/?s={search_term_string}\"},\"query-input\":{\"@type\":\"PropertyValueSpecification\",\"valueRequired\":true,\"valueName\":\"search_term_string\"}}],\"inLanguage\":\"es\"},{\"@type\":\"Organization\",\"@id\":\"https:\\\/\\\/ms21consulting.com.co\\\/#organization\",\"name\":\"MS21Consulting\",\"alternateName\":\"MS21 Consulting\",\"url\":\"https:\\\/\\\/ms21consulting.com.co\\\/\",\"logo\":{\"@type\":\"ImageObject\",\"inLanguage\":\"es\",\"@id\":\"https:\\\/\\\/ms21consulting.com.co\\\/#\\\/schema\\\/logo\\\/image\\\/\",\"url\":\"https:\\\/\\\/ms21consulting.com.co\\\/wp-content\\\/uploads\\\/2024\\\/05\\\/cropped-Logo-Florista-Circular-Blanco-Negro-500-x-250-px.webp\",\"contentUrl\":\"https:\\\/\\\/ms21consulting.com.co\\\/wp-content\\\/uploads\\\/2024\\\/05\\\/cropped-Logo-Florista-Circular-Blanco-Negro-500-x-250-px.webp\",\"width\":500,\"height\":213,\"caption\":\"MS21Consulting\"},\"image\":{\"@id\":\"https:\\\/\\\/ms21consulting.com.co\\\/#\\\/schema\\\/logo\\\/image\\\/\"},\"sameAs\":[\"https:\\\/\\\/www.instagram.com\\\/ms21colombia\\\/\",\"https:\\\/\\\/www.linkedin.com\\\/company\\\/ms21-consulting-colombia\\\/mycompany\\\/?viewAsMember=true\"]}]}<\/script>\n<!-- \/ Yoast SEO plugin. -->","yoast_head_json":{"title":"data-deletion -","description":"El socio en gesti\u00f3n de proyectos y tecnol\u00f3gico que necesita tu empresa, podemos gestionar tus proyectos y equipos de trabajo, apoyarte con profesionales certificados y con amplia experiencia.","robots":{"index":"index","follow":"follow","max-snippet":"max-snippet:-1","max-image-preview":"max-image-preview:large","max-video-preview":"max-video-preview:-1"},"canonical":"https:\/\/ms21consulting.com.co\/data-deletion\/","og_locale":"es_ES","og_type":"article","og_title":"data-deletion -","og_description":"El socio en gesti\u00f3n de proyectos y tecnol\u00f3gico que necesita tu empresa, podemos gestionar tus proyectos y equipos de trabajo, apoyarte con profesionales certificados y con amplia experiencia.","og_url":"https:\/\/ms21consulting.com.co\/data-deletion\/","og_site_name":"MS21Consulting","og_image":[{"width":500,"height":250,"url":"https:\/\/ms21consulting.com.co\/wp-content\/uploads\/2024\/05\/Logo-Florista-Circular-Blanco-Negro-500-x-250-px.webp","type":"image\/webp"}],"twitter_card":"summary_large_image","twitter_misc":{"Tiempo de lectura":"1 minuto"},"schema":{"@context":"https:\/\/schema.org","@graph":[{"@type":"WebPage","@id":"https:\/\/ms21consulting.com.co\/data-deletion\/","url":"https:\/\/ms21consulting.com.co\/data-deletion\/","name":"data-deletion -","isPartOf":{"@id":"https:\/\/ms21consulting.com.co\/#website"},"datePublished":"2025-03-14T15:58:35+00:00","description":"El socio en gesti\u00f3n de proyectos y tecnol\u00f3gico que necesita tu empresa, podemos gestionar tus proyectos y equipos de trabajo, apoyarte con profesionales certificados y con amplia experiencia.","breadcrumb":{"@id":"https:\/\/ms21consulting.com.co\/data-deletion\/#breadcrumb"},"inLanguage":"es","potentialAction":[{"@type":"ReadAction","target":["https:\/\/ms21consulting.com.co\/data-deletion\/"]}]},{"@type":"BreadcrumbList","@id":"https:\/\/ms21consulting.com.co\/data-deletion\/#breadcrumb","itemListElement":[{"@type":"ListItem","position":1,"name":"Portada","item":"https:\/\/ms21consulting.com.co\/"},{"@type":"ListItem","position":2,"name":"data-deletion"}]},{"@type":"WebSite","@id":"https:\/\/ms21consulting.com.co\/#website","url":"https:\/\/ms21consulting.com.co\/","name":"MS21Consulting","description":"Especialistas en gesti\u00f3n de proyectos y el desarrollo tecnol\u00f3gico. Asesor\u00eda estrat\u00e9gica en soluciones tecnol\u00f3gicas que abordan sus desaf\u00edos empresariales de manera m\u00e1s integral y efectiva.","publisher":{"@id":"https:\/\/ms21consulting.com.co\/#organization"},"alternateName":"MS21 Consulting","potentialAction":[{"@type":"SearchAction","target":{"@type":"EntryPoint","urlTemplate":"https:\/\/ms21consulting.com.co\/?s={search_term_string}"},"query-input":{"@type":"PropertyValueSpecification","valueRequired":true,"valueName":"search_term_string"}}],"inLanguage":"es"},{"@type":"Organization","@id":"https:\/\/ms21consulting.com.co\/#organization","name":"MS21Consulting","alternateName":"MS21 Consulting","url":"https:\/\/ms21consulting.com.co\/","logo":{"@type":"ImageObject","inLanguage":"es","@id":"https:\/\/ms21consulting.com.co\/#\/schema\/logo\/image\/","url":"https:\/\/ms21consulting.com.co\/wp-content\/uploads\/2024\/05\/cropped-Logo-Florista-Circular-Blanco-Negro-500-x-250-px.webp","contentUrl":"https:\/\/ms21consulting.com.co\/wp-content\/uploads\/2024\/05\/cropped-Logo-Florista-Circular-Blanco-Negro-500-x-250-px.webp","width":500,"height":213,"caption":"MS21Consulting"},"image":{"@id":"https:\/\/ms21consulting.com.co\/#\/schema\/logo\/image\/"},"sameAs":["https:\/\/www.instagram.com\/ms21colombia\/","https:\/\/www.linkedin.com\/company\/ms21-consulting-colombia\/mycompany\/?viewAsMember=true"]}]}},"uagb_featured_image_src":{"full":false,"thumbnail":false,"medium":false,"medium_large":false,"large":false,"1536x1536":false,"2048x2048":false},"uagb_author_info":{"display_name":"aristidesguzman71","author_link":"https:\/\/ms21consulting.com.co\/author\/aristidesguzman71\/"},"uagb_comment_info":0,"uagb_excerpt":"Autorizaci\u00f3n Cancelada Autorizaci\u00f3n Cancelada El proceso de autorizaci\u00f3n ha sido cancelado. Si deseas volver a intentarlo, por favor haz clic en el siguiente enlace: Volver a Intentar","_links":{"self":[{"href":"https:\/\/ms21consulting.com.co\/wp-json\/wp\/v2\/pages\/6992","targetHints":{"allow":["GET"]}}],"collection":[{"href":"https:\/\/ms21consulting.com.co\/wp-json\/wp\/v2\/pages"}],"about":[{"href":"https:\/\/ms21consulting.com.co\/wp-json\/wp\/v2\/types\/page"}],"author":[{"embeddable":true,"href":"https:\/\/ms21consulting.com.co\/wp-json\/wp\/v2\/users\/1"}],"replies":[{"embeddable":true,"href":"https:\/\/ms21consulting.com.co\/wp-json\/wp\/v2\/comments?post=6992"}],"version-history":[{"count":0,"href":"https:\/\/ms21consulting.com.co\/wp-json\/wp\/v2\/pages\/6992\/revisions"}],"wp:attachment":[{"href":"https:\/\/ms21consulting.com.co\/wp-json\/wp\/v2\/media?parent=6992"}],"curies":[{"name":"wp","href":"https:\/\/api.w.org\/{rel}","templated":true}]}}